{"id":461,"date":"2022-03-23T13:06:33","date_gmt":"2022-03-23T13:06:33","guid":{"rendered":"http:\/\/www.audrey.soroka.eu\/?page_id=461"},"modified":"2022-06-13T13:59:15","modified_gmt":"2022-06-13T11:59:15","slug":"regulamin","status":"publish","type":"page","link":"https:\/\/www.gardeniadziwnow.pl\/index.php\/regulamin\/","title":{"rendered":"Regulamin pobytu"},"content":{"rendered":"<p>[et_pb_section fb_built=&#8221;1&#8243; _builder_version=&#8221;4.15.1&#8243; hover_enabled=&#8221;0&#8243; global_colors_info=&#8221;{}&#8221; title_text=&#8221;IMG_0386nocowanieWwwsize&#8221; sticky_enabled=&#8221;0&#8243; custom_padding=&#8221;7px|||||&#8221; background_color=&#8221;#00444f&#8221; background_enable_image=&#8221;off&#8221;][et_pb_row _builder_version=&#8221;4.15&#8243; background_size=&#8221;initial&#8221; background_position=&#8221;top_left&#8221; background_repeat=&#8221;repeat&#8221; min_height=&#8221;782px&#8221; global_colors_info=&#8221;{}&#8221; column_structure=&#8221;3_5,2_5&#8243; collapsed=&#8221;off&#8221;][et_pb_column type=&#8221;3_5&#8243; _builder_version=&#8221;4.15&#8243; custom_padding=&#8221;|||&#8221; global_colors_info=&#8221;{}&#8221; custom_padding__hover=&#8221;|||&#8221;][et_pb_text _builder_version=&#8221;4.15.1&#8243; text_font=&#8221;|600|||||||&#8221; text_font_size=&#8221;15px&#8221; text_letter_spacing=&#8221;1px&#8221; background_size=&#8221;initial&#8221; background_position=&#8221;top_left&#8221; background_repeat=&#8221;repeat&#8221; text_orientation=&#8221;justified&#8221; animation_style=&#8221;fold&#8221; animation_direction=&#8221;top&#8221; hover_enabled=&#8221;0&#8243; global_colors_info=&#8221;{}&#8221; text_text_color=&#8221;#FFFFFF&#8221; sticky_enabled=&#8221;0&#8243; custom_padding=&#8221;|||86px||&#8221;]<\/p>\n<ol>\n<li style=\"text-align: left;\"><span style=\"color: #dddddd;\">Doba hotelowa zaczyna si\u0119 o godz. 16.00 i ko\u0144czy o godz. 10.00 ostatniego dnia pobytu.<\/span><\/li>\n<li><span style=\"color: #dddddd;\">P\u0142atno\u015b\u0107 za pobyt nie podlega zwrotowi w przypadku skr\u00f3cenia pobytu.<\/span><br \/><span style=\"color: #dddddd;\">Op\u0142ata miejscowa nie jest wliczona w cen\u0119 pokoju.<\/span><\/li>\n<li><span style=\"color: #dddddd;\">Rozliczenie pobytu zgodnie z rezerwacj\u0105 nast\u0119puje w dniu przyjazdu, po wype\u0142nieniu karty<\/span><br \/><span style=\"color: #dddddd;\">meldunkowej. Brak rozliczenia ewentualnych pozosta\u0142ych p\u0142atno\u015bci skutkuje brakiem wpuszczenia Go\u015bcia do apartamentu.<\/span><\/li>\n<li><span style=\"color: #dddddd;\">W dniu przyjazdu Go\u015bci pobierana jest kaucja zwrotnej w wysoko\u015bci 500 z\u0142 , celem<\/span><br \/><span style=\"color: #dddddd;\">zabezpieczenia ewentualnych zniszcze\u0144. Kaucja jest zwracana w momencie odebrania apartamentu przez osob\u0119 obs\u0142uguj\u0105c\u0105 apartament, je\u015bli nie stwierdzi \u017cadnych zniszcze\u0144.<\/span><\/li>\n<li><span style=\"color: #dddddd;\">W obiekcie nie akceptujemy zwierz\u0105t.<\/span><\/li>\n<li><span style=\"color: #dddddd;\">W obiekcie obowi\u0105zuje ca\u0142kowity zakaz palenia tytoniu.<\/span><\/li>\n<li><span style=\"color: #dddddd;\">Cisza nocna obowi\u0105zuje od godz. 22.00 do godz. 7.00 rano.<\/span><\/li>\n<li><span style=\"color: #dddddd;\">Go\u015bcie obiektu ponosz\u0105 odpowiedzialno\u015b\u0107 za wszelkie szkody wyrz\u0105dzone w pokojach. Szkoda oznacza zar\u00f3wno zniszczenie lub uszkodzenie element\u00f3w wyposa\u017cenia pokoju jak ich utrat\u0119.<\/span><\/li>\n<li><span style=\"color: #dddddd;\">W przypadku powstania szkody podczas pobytu, Go\u015b\u0107 jest zobowi\u0105zany do pokrycia koszt\u00f3w jej naprawy. Za szkody wyrz\u0105dzone przez dzieci odpowiadaj\u0105 rodzice.<\/span><\/li>\n<li><span style=\"color: #dddddd;\">Go\u015b\u0107 powinien zawiadomi\u0107 w\u0142a\u015bcicieli o wyst\u0105pieniu szkody b\u0105d\u017a te\u017c o jej stwierdzeniu.<\/span><\/li>\n<li><span style=\"color: #dddddd;\">Go\u015bcie zobowi\u0105zani s\u0105 przechowywa\u0107 klucz do pokoju z nale\u017cyt\u0105 staranno\u015bci\u0105. W przypadku jego utraty, Go\u015bcie zostan\u0105 obci\u0105\u017ceni kosztami wysoko\u015bci 150 z\u0142.<\/span><\/li>\n<li><span style=\"color: #dddddd;\">Obiekt nie ponosi odpowiedzialno\u015bci za uszkodzenia lub utrat\u0119 pojazdu nale\u017c\u0105cego do Go\u015bcia, jak r\u00f3wnie\u017c za rzeczy warto\u015bciowe pozostawione w pokojach lub kom\u00f3rce gara\u017cowej.<\/span><\/li>\n<li><span style=\"color: #dddddd;\">Go\u015bcie zobowi\u0105zuj\u0105 si\u0119 wykorzystywa\u0107 obiekt jedynie do cel\u00f3w mieszkalnych \u2013 zabrania si\u0119 organizowania imprez w obiekcie.<\/span><\/li>\n<li><span style=\"color: #dddddd;\">W przypadku, gdy Go\u015b\u0107 w spos\u00f3b znacz\u0105cy narusza spok\u00f3j i\/lub dobra s\u0105siad\u00f3w oraz nie przestrzega powszechnie stosowanych norm wsp\u00f3\u0142\u017cycia mi\u0119dzy lud\u017ami, obiekt zastrzega sobie prawo do wypowiedzenia Go\u015bciowi pobytu i nie jest w\u00f3wczas zobowi\u0105zany do zwrotu pieni\u0119dzy za niewykorzystany okres.<\/span><\/li>\n<li><span style=\"color: #dddddd;\">Dla os\u00f3b korzystaj\u0105cych z rezerwacji przez Internet\/telefon &#8211; z\u0142o\u017cenie rezerwacji pobytu jest r\u00f3wnoznaczne z przestrzeganiem powy\u017cszego regulaminu, co potwierdzone zostaje w dniu przyjazdu podpisem na karcie meldunkowej.<\/span><\/li>\n<li><span style=\"color: #dddddd;\">Rezerwacje internetowe wymagaj\u0105 wp\u0142aty zaliczki lub ca\u0142o\u015bci kwoty celem potwierdzenia ch\u0119ci pobytu. Zaliczka w przypadku rezygnacji Go\u015bcia z przyjazdu w okresie do 14 dni przed pocz\u0105tkiem planowanego pobytu nie jest zwracana, nie jest tu wymagana \u017cadna pisemna umowa ani inne dokumenty \u2013 akceptacja regulaminu i wplata zaliczki jest rozumiana jako umowa na wynajem apartamentu i nie wymaga sama z siebie osobnych um\u00f3w. Brak akceptacji regulaminu rezerwacji i niewp\u0142acenie zaliczki lub ca\u0142o\u015bci kwoty automatycznie kasuj\u0119 rezerwacj\u0119 internetow\u0105.<\/span><\/li>\n<\/ol>\n<p><span style=\"color: #dddddd;\">\u00a0<\/span><\/p>\n<p>&nbsp;<\/p>\n<p><span style=\"color: #dddddd;\"><!-- divi:paragraph --><\/span><span style=\"color: #dddddd;\">\u00a0<\/span><\/p>\n<p><span style=\"color: #dddddd;\">\u00a0<\/span><\/p>\n<p>&nbsp;<\/p>\n<p><strong><!-- \/divi:paragraph --><\/strong><\/p>\n<p>[\/et_pb_text][\/et_pb_column][et_pb_column type=&#8221;2_5&#8243; _builder_version=&#8221;4.15&#8243; custom_padding=&#8221;|||&#8221; global_colors_info=&#8221;{}&#8221; custom_padding__hover=&#8221;|||&#8221;][et_pb_image _builder_version=&#8221;4.15.1&#8243; _module_preset=&#8221;default&#8221; title_text=&#8221;Apartamenty Jantar | fot. STOLZ Photography Team&#8221; src=&#8221;https:\/\/www.gardeniadziwnow.pl\/wp-content\/uploads\/2022\/04\/wwwgal_05_dziwnow-koniecznego-7c-lok30_fot-stolz.jpg&#8221; hover_enabled=&#8221;0&#8243; sticky_enabled=&#8221;0&#8243;][\/et_pb_image][\/et_pb_column][\/et_pb_row][\/et_pb_section]<\/p>\n","protected":false},"excerpt":{"rendered":"<p>Doba hotelowa zaczyna si\u0119 o godz. 16.00 i ko\u0144czy o godz. 10.00 ostatniego dnia pobytu. P\u0142atno\u015b\u0107 za pobyt nie podlega zwrotowi w przypadku skr\u00f3cenia pobytu.Op\u0142ata miejscowa nie jest wliczona w cen\u0119 pokoju. Rozliczenie pobytu zgodnie z rezerwacj\u0105 nast\u0119puje w dniu przyjazdu, po wype\u0142nieniu kartymeldunkowej. Brak rozliczenia ewentualnych pozosta\u0142ych p\u0142atno\u015bci skutkuje brakiem wpuszczenia Go\u015bcia do apartamentu. [&hellip;]<\/p>\n","protected":false},"author":1,"featured_media":0,"parent":0,"menu_order":0,"comment_status":"closed","ping_status":"closed","template":"","meta":{"_et_pb_use_builder":"on","_et_pb_old_content":"<ol>\n<li>Doba hotelowa zaczyna si\u0119 o godz. 16.00 i ko\u0144czy o godz. 10.00 ostatniego dnia pobytu.<\/li>\n<li>P\u0142atno\u015b\u0107 za pobyt nie podlega zwrotowi w przypadku skr\u00f3cenia pobytu. <br \/>Op\u0142ata miejscowa nie jest wliczona w cen\u0119 pokoju.<\/li>\n<li>Rozliczenie pobytu zgodnie z rezerwacj\u0105 nast\u0119puje w dniu przyjazdu, po wype\u0142nieniu karty<br \/>meldunkowej. Brak rozliczenia ewentualnych pozosta\u0142ych p\u0142atno\u015bci skutkuje brakiem wpuszczenia Go\u015bcia do apartamentu.\u00a0<\/li>\n<li>W dniu przyjazdu Go\u015bci pobierana jest kaucja zwrotnej w wysoko\u015bci 500 z\u0142 , celem<br \/>zabezpieczenia ewentualnych zniszcze\u0144. Kaucja jest zwracana w momencie odebrania apartamentu przez osob\u0119 obs\u0142uguj\u0105c\u0105 apartament, je\u015bli nie stwierdzi \u017cadnych zniszcze\u0144.<\/li>\n<li>W obiekcie nie akceptujemy zwierz\u0105t.<\/li>\n<li>W obiekcie obowi\u0105zuje ca\u0142kowity zakaz palenia tytoniu.<\/li>\n<li>Cisza nocna obowi\u0105zuje od godz. 22.00 do godz. 7.00 rano.<\/li>\n<li>Go\u015bcie obiektu ponosz\u0105 odpowiedzialno\u015b\u0107 za wszelkie szkody wyrz\u0105dzone w pokojach. Szkoda oznacza zar\u00f3wno zniszczenie lub uszkodzenie element\u00f3w wyposa\u017cenia pokoju jak ich utrat\u0119.<\/li>\n<li>W przypadku powstania szkody podczas pobytu, Go\u015b\u0107 jest zobowi\u0105zany do pokrycia koszt\u00f3w jej naprawy. Za szkody wyrz\u0105dzone przez dzieci odpowiadaj\u0105 rodzice.<\/li>\n<li>Go\u015b\u0107 powinien zawiadomi\u0107 w\u0142a\u015bcicieli o wyst\u0105pieniu szkody b\u0105d\u017a te\u017c o jej stwierdzeniu.<\/li>\n<li>Go\u015bcie zobowi\u0105zani s\u0105 przechowywa\u0107 klucz do pokoju z nale\u017cyt\u0105 staranno\u015bci\u0105. W przypadku jego utraty, Go\u015bcie zostan\u0105 obci\u0105\u017ceni kosztami wysoko\u015bci 150 z\u0142.<\/li>\n<li>Obiekt nie ponosi odpowiedzialno\u015bci za uszkodzenia lub utrat\u0119 pojazdu nale\u017c\u0105cego do Go\u015bcia, jak r\u00f3wnie\u017c za rzeczy warto\u015bciowe pozostawione w pokojach lub kom\u00f3rce gara\u017cowej.<\/li>\n<li>Go\u015bcie zobowi\u0105zuj\u0105 si\u0119 wykorzystywa\u0107 obiekt jedynie do cel\u00f3w mieszkalnych \u2013 zabrania si\u0119 organizowania imprez w obiekcie.<\/li>\n<li>W przypadku, gdy Go\u015b\u0107 w spos\u00f3b znacz\u0105cy narusza spok\u00f3j i\/lub dobra s\u0105siad\u00f3w oraz nie przestrzega powszechnie stosowanych norm wsp\u00f3\u0142\u017cycia mi\u0119dzy lud\u017ami, obiekt zastrzega sobie prawo do wypowiedzenia Go\u015bciowi pobytu i nie jest w\u00f3wczas zobowi\u0105zany do zwrotu pieni\u0119dzy za niewykorzystany okres.<\/li>\n<li>Dla os\u00f3b korzystaj\u0105cych z rezerwacji przez Internet\/telefon - z\u0142o\u017cenie rezerwacji pobytu jest r\u00f3wnoznaczne z przestrzeganiem powy\u017cszego regulaminu, co potwierdzone zostaje w dniu przyjazdu podpisem na karcie meldunkowej.<\/li>\n<li>Rezerwacje internetowe wymagaj\u0105 wp\u0142aty zaliczki lub ca\u0142o\u015bci kwoty celem potwierdzenia ch\u0119ci pobytu. Zaliczka w przypadku rezygnacji Go\u015bcia z przyjazdu w okresie do 14 dni przed pocz\u0105tkiem planowanego pobytu nie jest zwracana, nie jest tu wymagana \u017cadna pisemna umowa ani inne dokumenty \u2013 akceptacja regulaminu i wplata zaliczki jest rozumiana jako umowa na wynajem apartamentu i nie wymaga sama z siebie osobnych um\u00f3w. Brak akceptacji regulaminu rezerwacji i niewp\u0142acenie zaliczki lub ca\u0142o\u015bci kwoty automatycznie kasuj\u0119 rezerwacj\u0119 internetow\u0105.<\/li>\n<\/ol>\n\n<!-- wp:paragraph -->\n<p><\/p>\n<!-- \/wp:paragraph -->","_et_gb_content_width":"","_monsterinsights_skip_tracking":false,"_monsterinsights_sitenote_active":false,"_monsterinsights_sitenote_note":"","_monsterinsights_sitenote_category":0},"_links":{"self":[{"href":"https:\/\/www.gardeniadziwnow.pl\/index.php\/wp-json\/wp\/v2\/pages\/461"}],"collection":[{"href":"https:\/\/www.gardeniadziwnow.pl\/index.php\/wp-json\/wp\/v2\/pages"}],"about":[{"href":"https:\/\/www.gardeniadziwnow.pl\/index.php\/wp-json\/wp\/v2\/types\/page"}],"author":[{"embeddable":true,"href":"https:\/\/www.gardeniadziwnow.pl\/index.php\/wp-json\/wp\/v2\/users\/1"}],"replies":[{"embeddable":true,"href":"https:\/\/www.gardeniadziwnow.pl\/index.php\/wp-json\/wp\/v2\/comments?post=461"}],"version-history":[{"count":15,"href":"https:\/\/www.gardeniadziwnow.pl\/index.php\/wp-json\/wp\/v2\/pages\/461\/revisions"}],"predecessor-version":[{"id":1038,"href":"https:\/\/www.gardeniadziwnow.pl\/index.php\/wp-json\/wp\/v2\/pages\/461\/revisions\/1038"}],"wp:attachment":[{"href":"https:\/\/www.gardeniadziwnow.pl\/index.php\/wp-json\/wp\/v2\/media?parent=461"}],"curies":[{"name":"wp","href":"https:\/\/api.w.org\/{rel}","templated":true}]}}